)/((-12)/u). Suppose 5*l - y = -5*x + 5, 5*l = x + 23. Does 3 divide l?
False
Let l = -119 + 194. Does 5 divide l?
True
Let v(i) = 7*i**2 - 2*i + 1. Let p be v(1). Let l(y) = -y**2 + 4*y + 6. Let m be l(5). Let j = p - m. Is j a multiple of 4?
False
Suppose 2*d - 87 = -11. Is 15 a factor of d?
False
Let v be 104/6*(3 + 0). Suppose -4*o + 0*o + v = 0. Suppose -69 + o = -4*m. Is 5 a factor of m?
False
Suppose 0 = -3*g + 2*a + 118, -2*g = -g + 2*a - 50. Suppose -72 = h - 5*h. Let t = g - h. Is 13 a factor of t?
False
Let u = 198 - 51. Suppose -4*j + u = -61. Is 13 a factor of j?
True
Suppose 0 = -3*s + 7*s - 456. Suppose -t = 2*t - s. Let y = t + -23. Is y a multiple of 9?
False
Let b be (3/6)/(1/166). Let o = b - 50. Is o a multiple of 13?
False
Let k be 6/(-15) - (-112)/5. Suppose 2*d - k = -4*l, -l = l. Is 8 a factor of d?
False
Is (603/(-6) + 1)*(-1 + -1) a multiple of 21?
False
Let f(t) = t**3 - 7*t**2 - t + 6. Let i be f(7). Let z(q) = q**2 + 1. Let m be z(i). Does 10 divide 11*(m - 1)/1?
False
Suppose 100 = -f + 6*f. Suppose -r + f = 3*r. Suppose m - 8 = -m - 4*j, j + 20 = r*m. Does 2 divide m?
True
Let s(i) = i**3 + 8*i**2 + 9*i + 12. Does 3 divide s(-5)?
True
Suppose 3*l - 6*l = -6. Suppose -w - 3*i - l*i = -87, 273 = 4*w - 5*i. Let u = w + -38. Is u a multiple of 14?
False
Is 8 a factor of (1 + 1)/(7/35)?
False
Let c = 39 - -56. Let n = -45 + c. Suppose 5*d + 3*y = n, d - y - 2 = -0*y. Is 7 a factor of d?
True
Let a(y) = -y**2 + 9*y + 12. Let i be a(10). Suppose -f - 48 = -i*f. Does 17 divide f?
False
Is 67 - 10/(-5) - (-4 - -1) a multiple of 18?
True
Suppose -4*v = -5*w - 42, -w + 6*w + 3*v + 21 = 0. Let i = 28 + w. Is i a multiple of 16?
False
Let l(y) = -2*y**2 + 6. Let x = 8 + -14. Let i be l(x). Is 9 a factor of (-15)/(-20) + i/(-8)?
True
Let f(k) = -k + 5. Let z be f(0). Suppose -2*j + j = -92. Suppose -25 = z*c, -5*w + j = -w - 4*c. Does 9 divide w?
True
Let p = -10 - -80. Suppose -j + 6*j = p. Does 7 divide j?
True
Is (0 - -2) + -3 + (82 - 1) a multiple of 16?
True
Let b(d) = -d. Let l be b(-5). Suppose l*q = q + 8. Let m(u) = 2*u**2 + 2*u - 3. Does 9 divide m(q)?
True
Let u(y) = 10*y - 1. Let a = -22 - -23. Is u(a) a multiple of 3?
True
Let x be (-2 + 0)*(-5)/2. Suppose -4*d + 16 = -4, x*v - 205 = 4*d. Is v a multiple of 12?
False
Let x(h) = 10*h - 2. Let r(j) = 9*j - 3. Let u(q) = 6*r(q) - 5*x(q). Is u(8) a multiple of 8?
True
Let r be (-1)/((-8)/6 - -1). Suppose 0*z = r*z. Suppose -3*w + 4*t + 0 + 70 = z, 16 = -4*t. Is w a multiple of 8?
False
Let q be (-27)/5 - (-4)/10. Let y(f) = -2*f**2 - 2 - f**3 - 2 + 6*f + 2. Is 19 a factor of y(q)?
False
Suppose 6*m + 378 = 9*m. Let w(d) = -d**2 + 4*d - 3. Let k be w(6). Is 14 a factor of (m/k)/(3/(-10))?
True
Suppose -17 = -5*s + 4*r + 180, 5*s - 3*r - 194 = 0. Does 14 divide s?
False
Suppose 0 = -h + 1, 0 = -0*n - n - 4*h + 3. Let c be (-3)/((-1)/n) + -1. Is 11 a factor of ((-110)/15)/(c/6)?
True
Let l be (7 - (-3)/(-3)) + 2. Is 16 a factor of (l/3)/(2/36)?
True
Let m be (-3)/6*-2*-1. Let u be 2 + (-1 + 2 - m). Suppose -4*c + 40 = -4*r, -2*c + 44 = -0*c + u*r. Does 11 divide c?
False
Let g(o) = -9*o - 1. Let w be g(-4). Is 6 a factor of (42/5)/(14/w)?
False
Suppose -2*o - 32 = -4*o + 2*d, -3*d - 14 = -o. Let t = 37 - o. Does 6 divide t?
False
Let y = -11 + 28. Suppose 4*j + 41 = 5*w, 5*j - 2*j + y = w. Is w a multiple of 4?
False
Let u(p) = 6 - 3 - 1 + 2*p**2 - 7*p. Is u(5) a multiple of 17?
True
Suppose -3*z = -167 + 47. Does 20 divide z?
True
Let n = -9 + 14. Suppose 4*u + 4*s = 108, 0*s + 175 = n*u - 3*s. Does 32 divide u?
True
Suppose 10*y - 15 - 615 = 0. Does 21 divide y?
True
Let a be 0 + 1 - (6 + -7). Let h = 19 - a. Is 17 a factor of h?
True
Suppose -3*l - 3 = -3*f, -2*f = 5*l - 14 - 16. Suppose -10 = 2*s - l*s. Suppose 15 = -s*n, -3*i - 3*n + 0*n = -111. Is i a multiple of 14?
False
Let g(w) = -9*w + 13. Let f(t) = -5*t + 6. Let s(i) = -7*f(i) + 4*g(i). Suppose -5*r - 28 = 12. Does 18 divide s(r)?
True
Let w = -106 + 189. Does 17 divide w?
False
Let t = -294 + 515. Is t a multiple of 24?
False
Let m = -18 + 63. Let f = -31 + m. Is 14 a factor of f?
True
Suppose 0 = -t - 1 - 2. Does 9 divide (54/(-3))/(1 + t)?
True
Let n = 8 - 10. Suppose -3*z = -z - 10. Let j = n + z. Is j a multiple of 2?
False
Suppose 2*h = 5*h + 27. Does 10 divide (30/h)/(2/(-6))?
True
Suppose 2 = -3*p + 5. Let w be 9 - (p*-2 - 0). Is 108/w - 4/(-22) a multiple of 8?
False
Suppose j = 4*m + 9, -3*j - j - 6 = -2*m. Is 11 a factor of -1*(j/(-3) + -30)?
False
Let y(k) = k**2 - 8*k + 4. Let a be y(8). Suppose 4*w = -w, -2*q + a = -4*w. Suppose g = -p + 14, q*g - 12 = 2*p + 36. Is 19 a factor of g?
True
Let p = -8 - -21. Suppose -5*a + 3*z + p = z, -2*a = -4*z - 2. Does 14 divide (a - 3)/2 - -17?
False
Suppose 4*u - 8*u = -32. Is 6 a factor of (-45)/(-10)*u/6?
True
Let h = 41 + -12. Is h a multiple of 12?
False
Let m = -8 - -15. Does 4 divide m?
False
Suppose -19*x = -14*x, -2*y + 4*x + 444 = 0. Does 30 divide y?
False
Is ((-5)/4)/((-5)/80) a multiple of 5?
True
Does 7 divide (-334)/(-8) + (-5)/(-20)?
True
Let q(c) = 1 + 1 + 0*c - 2*c. Is 6 a factor of q(-5)?
True
Let a be (161 - -1) + (-14 - -12). Suppose 5*l - l = a. Does 20 divide l?
True
Let p(y) = 29*y - 2. Let w be p(4). Suppose 3*u - 83 = -h + 2*h, 2*h - w = -4*u. Does 11 divide u?
False
Let v = -44 + 17. Let q be (v/(-4))/(6/80). Suppose 4*t - q = -t. Does 9 divide t?
True
Let a(w) = -w**3 - w**2 + 1. Let s(p) = p - 13. Let v be s(11). Let i be a(v). Suppose -i*b + 4*u = -11, -3*b - 3*u + 13 = u. Is 3 a factor of b?
True
Is (-3)/4 + (-143)/(-4) a multiple of 13?
False
Suppose 0 = 2*v - f - 2*f - 83, -5*v + 204 = -4*f. Suppose 0 = -4*d - 2*p + v, -3*p - 2*p = 0. Does 5 divide d?
True
Let o be (-30)/(-4)*224/(-40). Let z = 68 + o. Is 13 a factor of z?
True
Suppose 108*i - 104 = 107*i. Is i a multiple of 26?
True
Let y(r) = -r**3 + r**2 + 4*r + 4. Is 14 a factor of y(-3)?
True
Let c(h) = -h - 3. Let s be c(-7). Let n = s - 1. Let p = n - -12. Is 6 a factor of p?
False
Does 20 divide (76/8)/((-2)/(-24))?
False
Is 18 a factor of 228 - 1/2*-6?
False
Let q be 11/(-3 + 5/2). Is (-1)/(q/10 + 2) a multiple of 4?
False
Let c(p) = -11*p - 2*p**3 + p**3 - p**2 - 8*p**2. Does 12 divide c(-8)?
True
Let g = 66 - 36. Let f = 3 + -11. Is 7 a factor of (g/f)/(1/(-4))?
False
Let a(y) be the third derivative of y**4/24 + 11*y**3/6 - 4*y**2. Let q be a(-8). Suppose -q*b + 5*b = 44. Does 14 divide b?
False
Suppose -5*c - 4*r + r = -48, -2*c + 3*r + 15 = 0. Suppose 2*a - 2*k - 10 = 0, -5*a = -4*k - 38 + c. Is 3 a factor of a?
True
Suppose -4 = 2*p - 0. Let y = p + 6. Suppose -y*o = -7*o + 60. Is 13 a factor of o?
False
Let v(f) = -f**3 + 2*f**2 - 2*f + 70. Is v(0) a multiple of 14?
True
Let m(c) = -7*c - 3. Is m(-4) a multiple of 5?
True
Suppose -16 = 2*a - 6*a. Suppose 0 = -a*m + 5*m. Suppose m = -2*w + 6*w - 120. Does 15 divide w?
True
Let q(x) = -3*x - 6. Let t(z) = 5*z + 13. Let r(c) = -7*q(c) - 4*t(c). Let a be r(7). Is 12 a factor of a*((-68)/6 - -2)?
False
Let c(u) = 47*u**2 + 2*u. Is 9 a factor of c(-1)?
True
Suppose v = -3*i + 1 - 0, 4*v + 2*i = -6. Is (40/(-15))/(v/27) a multiple of 9?
True
Let q = 19 + -16. Suppose -3*x - 2*o = 2*o + 10, -3*x + 2*o = -14. Does 5 divide (q/x)/((-3)/(-10))?
True
Suppose 5*i + q - 85 = -0*q, -2*i = 2*q - 42. Suppose -4*a + 118 = 5*y, 3*y - 71 = 3*a + i. Does 9 divide y?
False
Let a(c) = -1 + 13*c + 4 - 15*c - 1. Let t be 6*((-5)/(-2))/(-5). Is 8 a factor of a(t)?
True
Suppose -4*r = -2*v + 26, 7*r - 3*r + 2*v = -14. Suppose 4*j + 5 + 7 = 0. Let w = j - r. Does 2 divide w?
True
Suppose 3*a - 2*a = 69. Suppose -4*p + a = -83. Is p a multiple of 19?
True
Let v = -9 - -1. Is 7 a factor of (4/v)/((-1)/42)?
True
Let k = 247 + -157. Is 30 a factor of k?
True
Suppose 0 = 4*q - 4*t - 60, -t = -q + 2*q - 21. Is 18 a factor of q?
True
Suppose 0 = -2*f, -f + 38 = 2*d + 4*f. Let x = d + -1. Is 18 a factor of x?
True
Let m(s) be the third derivative of s**5/60 + 5*s**4/12 - s**3 - 3*s**2. Let z be m(-11). Suppose z*o + 2*x = 46, 0*o - 5*x + 47 = 4*o. Is 4 a factor of o?
True
Let v be 1/2 + (-25)/(-2). Let t(c) = c - 1. Let r be t(3). Suppose 5 = r*f - v. Is 9 a factor of f?
True
Let x = 328 + -218. Does 9 divide x?
False
Let q(v) = v**2 - v + 